/(a/(-12)). What is the greatest common factor of 22 and f?
2
Let g be (-11)/(-3) - ((-20)/15)/4. Suppose v = -0*q - 4*q + 48, g*v - 152 = 4*q. Calculate the highest common factor of v and 400.
40
Suppose 970 = 82*v - 14. Let s(y) = 19*y + 1. Let o be s(5). Calculate the greatest common divisor of o and v.
12
Let f be ((-5)/(-20))/((40/(-1607460))/(16/(-6))). Calculate the greatest common divisor of 73 and f.
73
Suppose x + 34 = 31. Let a be 2/x*(-5)/(10/(-444)). Let h = -13 - a. What is the greatest common divisor of h and 27?
27
Suppose -35771*z - 25272 = -35807*z. Let q be -1 - (-54 - (-1 + 2)). What is the greatest common factor of z and q?
54
Let j(m) = m**3 - 24*m**2 - 49*m - 22. Suppose 163 + 201 = 14*k. Let p be j(k). Calculate the greatest common divisor of p and 64.
8
Suppose 2029*c = -5*v + 2033*c + 111402, 0 = 3*c - 6. Calculate the greatest common divisor of 52 and v.
26
Let a = 27540 + -24222. What is the highest common factor of a and 924?
42
Let j(a) = -618*a + 707. Let g be j(0). Calculate the highest common factor of g and 404.
101
Let f(k) = -6297*k - 314. Let c be f(-1). What is the highest common factor of 31 and c?
31
Let h be -110*717*8/(-120). What is the highest common factor of h and 22?
22
Let a = 139 - -571. Calculate the greatest common factor of 60 and a.
10
Suppose -d = -b - 620, 318*d - 630 = 317*d - 4*b. Calculate the greatest common divisor of d and 2.
2
Let o be ((-38031)/9)/(((-88)/(-24))/(-11)). What is the highest common divisor of o and 7?
7
Let u be 37 + -35 + -1 + 1*-1. Let c(r) = -r**2 - 3*r + 18. Let o be c(u). Let m be 3/6*o + -2. Calculate the highest common divisor of 49 and m.
7
Let i = 12405 + -11909. Calculate the greatest common factor of i and 256.
16
Let m be (-79)/(-4) - 14/(-56). Let i = 78 + -15. Let b = i - 58. Calculate the greatest common divisor of b and m.
5
Let m(o) = 50*o**2 - 235*o - 15. Let j be m(13). What is the greatest common factor of j and 40?
20
Let k be (-8207)/(-58) - 6/4. Let a = 205 - k. Calculate the greatest common factor of 910 and a.
65
Suppose 0 = -0*v + 5*v - 25. Let z be (18 + 9 + 8)*(2 - -1) - -5. Suppose v*x - z = 20. What is the greatest common divisor of 26 and x?
26
Let r = -9830 - -9936. Calculate the highest common divisor of r and 9487.
53
Let p = 3 - 1. Suppose -j + 5*j + i = 131, 5*j = -p*i + 160. Let w = -28 + j. What is the greatest common divisor of 15 and w?
3
Suppose -14*i + 28 = -7*i. Suppose -n + i*p = -71, -5*p = -0*n - 4*n + 339. What is the greatest common divisor of 26 and n?
13
Let r = 80423 + -54990. Calculate the highest common factor of r and 29.
29
Let h = 15 - 3. Suppose -4*t = -2*q - 14, -5*q + 23 + h = 4*t. Suppose -108 = -t*w + w. What is the greatest common factor of w and 54?
27
Let z = 2077 - 1452. Let a = 2267 - 2017. What is the greatest common factor of a and z?
125
Let k be (-18720)/(-405) - 4/18. Suppose 0 = -k*l + 50*l - 5*n - 90, -2*n + 96 = 5*l. What is the highest common factor of 220 and l?
20
Suppose -35*q + 5381 + 81 = -453. Calculate the greatest common factor of 25181 and q.
169
Let w = 3 + 25. Suppose 0 = -6*v + 5*v + 4. Suppose 4*d - p + 2*p = 52, v*p = d - 30. Calculate the highest common factor of d and w.
14
Suppose -4*y + 2177 - 743 + 1050 = 0. What is the greatest common factor of 27 and y?
27
Let g = 151 - 158. Let d be ((-48)/g)/(10/105). Calculate the greatest common divisor of d and 24.
24
Suppose 5050*l - 5077*l = -231552. Calculate the greatest common divisor of 402 and l.
134
Let r = -32 + 53. Let d be 17 - r - 106/(-2). What is the highest common factor of d and 7?
7
Let v(r) = -75*r + 43. Let l be v(-9). Let j = l + -494. Calculate the greatest common divisor of j and 16.
16
Let k be -12 + 127 - (1 - -2). Let p be (k/(-48))/((-2)/6). Let u = 12 - p. What is the highest common factor of 20 and u?
5
Suppose 0 = -31770*d + 31748*d + 145002. What is the highest common factor of d and 78?
39
Suppose -f = 5*x + 3, 15 = 17*f - 14*f + 3*x. Suppose f*h - 195 = -6. Calculate the greatest common factor of 351 and h.
27
Let s be (-1184)/(-44) - (0 - 5/55). What is the highest common divisor of s and 9261?
27
Let i(w) = w**2 - 3*w - 60. Let b be i(10). Suppose -5*q = -484 - 291. Calculate the greatest common factor of b and q.
5
Suppose 4*r - 7*r - 4*v = -119, -3 = 3*v. Let k = 169 + r. Calculate the highest common divisor of k and 6.
6
Suppose -5*r + 3227 = -x - 2079, 2*x = -12. Calculate the greatest common divisor of r and 1272.
212
Let o = 0 - -63. Let d = -43 + o. What is the highest common factor of 420 and d?
20
Suppose -f - 9 = -p - 21, 6*f + 2*p = 0. Let n be 1/((-2)/((-6)/1)). Calculate the highest common factor of f and n.
3
Suppose -13*v + 16*v - 27 = 0. Let z be v/((36/(-104))/(9/(-6))). Calculate the highest common factor of z and 429.
39
Let k be 30/75 - 2/(20/(-526)). What is the highest common factor of 2 and k?
1
Let f be (2 - 21/12) + 549/(-4). Suppose 184 = 2*p + 5*v - 337, -2 = -2*v. Let g = p + f. What is the greatest common factor of g and 11?
11
Let b = 127 + -112. Let m(i) = -i**3 + 15*i**2 + 3*i - 39. Let j be m(b). Calculate the highest common factor of j and 76.
2
Let a(p) = -p**3 + 8*p**2 - 4*p - 3. Let c be a(7). Let k be (-3 - (419 - -3))*6/(-10). Let l = k + -228. What is the highest common divisor of l and c?
9
Let g be (-11109)/189 + 1/(9/(-2)). Let w = -59 - g. Let d be 1/(-2)*((-60 - 2) + w). Calculate the highest common divisor of d and 124.
31
Let i = -158 - -269. Let h = i - 55. What is the highest common factor of h and 56?
56
Let b be (-2)/3*-348 + -19. What is the greatest common factor of 33 and b?
3
Let c = 92 - 12. Suppose -620 = -2*t + 5*u + 471, 558 = t - 5*u. Let v = -333 + t. What is the greatest common factor of v and c?
40
Suppose 2*o - 5*z - 167 = 0, 10*z = -o + 6*z + 64. Let h = -99 + 213. What is the greatest common factor of h and o?
38
Let d = 952 - 692. Suppose 0 = m, 5*t - 3*m - d = -4*m. What is the highest common factor of 65 and t?
13
Let c = -115 - -113. Let p be (c - (-2 - (1 + -2))) + 21. What is the highest common factor of p and 220?
20
Let x(l) = -l**3 + 12*l**2 - 16*l - 10. Let t be x(10). Let j be ((-72)/t)/(-6) + 206/10. Let i = j - -19. What is the greatest common divisor of 8 and i?
8
Let g(j) = 106*j**2 + 136*j + 24. Let k be g(-7). Calculate the highest common factor of k and 790.
158
Let f(r) = 14*r + 67. Let q be f(3). Suppose 0 = -112*y + q*y + 48. What is the greatest common divisor of y and 8?
8
Let n(l) = -20*l - 175. Let i be n(-22). Let f = -263 + i. Let w be (1 + -3 - -1) + 51. Calculate the greatest common factor of f and w.
2
Let h be (2 - 5)/1*-4*(-414)/(-27). What is the greatest common factor of h and 1?
1
Let t be 733/((-8 + 11)/(-3)). Let s = 791 + t. Calculate the highest common divisor of s and 1856.
58
Suppose -12*n = -3*u - 7*n + 20, -4*u - 4*n = 16. Let x be 425 - u - -4*(-1)/(-2). Calculate the greatest common divisor of x and 183.
61
Let o = -95 - -99. Suppose -108 - 272 = -4*l - o*x, 3*l + 5*x = 295. What is the greatest common factor of 72 and l?
18
Let r(h) = h**3 - 11*h**2 - 9*h + 346. Let x be r(13). What is the highest common factor of x and 2583?
63
Let k be (345/4)/(8/(-96)). Let q = k - -579. Let i = q - -654. Calculate the greatest common divisor of i and 18.
18
Let d = 2292 - 2163. What is the greatest common divisor of 86 and d?
43
Suppose -1556 = -5*i - u, -454 = -2*i + u + 174. Let b = -176 + i. What is the greatest common divisor of b and 51?
17
Let k = -150 + 165. Suppose 260 = k*o + 110. Calculate the greatest common factor of o and 70.
10
Let m(b) = -b + 1. Let a(c) = -151*c + 1. Let s(p) = -a(p) + 2*m(p). Let k be s(3). Let t = k + -259. Calculate the greatest common divisor of t and 21.
21
Let j(h) = -166*h + 2588. Let z be j(-46). Calculate the highest common divisor of z and 144.
144
Let g = 6269 - 4620. What is the highest common divisor of g and 85?
17
Let w be 1100/((-110)/(-10)) + 4. What is the highest common divisor of w and 16?
8
Let u(o) = o**3 - 10*o**2 - 67*o + 56. Let y be u(16). Calculate the highest common divisor of 1872 and y.
104
Let b = -11633 - -11761. Calculate the greatest common factor of 1376 and b.
32
Let o(w) = -14*w - 16. Suppose -3*u + 2*a = a + 17, 0 = -a + 2. Let h